ase 8, what is -5 - 1016?
-1023
In base 10, what is 246 - 0?
246
In base 10, what is 11033 - -3?
11036
In base 9, what is 16020 - 4?
16015
In base 9, what is 0 - 423?
-423
In base 13, what is 0 - 29?
-29
In base 15, what is -e - 52?
-61
In base 8, what is 2 + -124?
-122
In base 14, what is 1 - 718?
-717
In base 14, what is -19 + -68?
-83
In base 11, what is -8 + -121?
-129
In base 12, what is 3 - 358?
-355
In base 12, what is -2 + -90?
-92
In base 13, what is 186 + 5?
18b
In base 10, what is -5 - 523?
-528
In base 8, what is -1 - -76?
75
In base 16, what is 3bc + 4?
3c0
In base 9, what is -26 + 42?
15
In base 2, what is -1100110000 + -1010?
-1100111010
In base 14, what is 5027 - -4?
502b
In base 7, what is -1415 + -4?
-1422
In base 11, what is -1 - -30?
2a
In base 4, what is 11 + 20202?
20213
In base 16, what is -2 - a5?
-a7
In base 4, what is -131311 - -11?
-131300
In base 10, what is -93 + -13?
-106
In base 13, what is 11 - 66?
-55
In base 13, what is 6 + -8?
-2
In base 15, what is -14 - d?
-22
In base 7, what is 1 + 14232?
14233
In base 6, what is -3 - -3002?
2555
In base 4, what is 10 + 2002?
2012
In base 15, what is -3 + 56a?
567
In base 2, what is -1 + -11001100?
-11001101
In base 3, what is -1010 + 21012?
20002
In base 10, what is -3 - 1667?
-1670
In base 2, what is -11 - 1001101?
-1010000
In base 10, what is -9 + -92?
-101
In base 4, what is 2 - -3133?
3201
In base 9, what is -4 + -41?
-45
In base 14, what is -2d - -c?
-21
In base 15, what is 0 + -19?
-19
In base 12, what is -62 + a?
-54
In base 3, what is -121 + 10?
-111
In base 7, what is 1 - 3140?
-3136
In base 6, what is 2 - 12452?
-12450
In base 4, what is 21211 - -10?
21221
In base 7, what is 1 - -2021?
2022
In base 16, what is 3 - -18d?
190
In base 4, what is -1 + 2023?
2022
In base 14, what is -1 + 12ad?
12ac
In base 6, what is -1 + 0?
-1
In base 6, what is 111 + 3?
114
In base 16, what is -75 - 2?
-77
In base 16, what is -e + 49?
3b
In base 16, what is 17 + 5?
1c
In base 2, what is -10 + 101110100000?
101110011110
In base 7, what is 5 + -13530?
-13522
In base 8, what is -220 + -11?
-231
In base 12, what is 6 + 0?
6
In base 12, what is -675 - -4?
-671
In base 8, what is 1373 + 2?
1375
In base 7, what is -460 - 4?
-464
In base 8, what is 53 - 4?
47
In base 6, what is 2 + 352?
354
In base 9, what is -42 - -134?
82
In base 13, what is -8bb - -2?
-8b9
In base 15, what is -90 + -8?
-98
In base 2, what is -1 - 1?
-10
In base 16, what is -17 - a3?
-ba
In base 12, what is -32 - -3?
-2b
In base 6, what is 1 + -15515?
-15514
In base 10, what is -606 - 14?
-620
In base 3, what is 12 + 1100?
1112
In base 3, what is -11 - 2121102?
-2121120
In base 7, what is 5 - -166?
204
In base 15, what is 7dc - -1?
7dd
In base 4, what is -11 - 1330?
-2001
In base 2, what is -1 + 1101?
1100
In base 11, what is -35 + -72?
-a7
In base 14, what is a9 + -5?
a4
In base 7, what is 31 + -145?
-114
In base 8, what is 4 + -2445?
-2441
In base 15, what is 828 + 12?
83a
In base 16, what is -5b - -17?
-44
In base 11, what is -4 + 200?
1a7
In base 10, what is 1 + 18?
19
In base 12, what is 4 + -158?
-154
In base 9, what is -55 + -3?
-58
In base 7, what is 14 - -1?
15
In base 4, what is -11 + -2303?
-2320
In base 10, what is 1563 - 2?
1561
In base 4, what is 2 - 23?
-21
In base 8, what is 206 + 10?
216
In base 9, what is -324 + -4?
-328
In base 12, what is 20aa + 4?
20b2
In base 6, what is 1314 - 5?
1305
In base 4, what is -1020 - 13?
-1033
In base 6, what is 10305 + 1?
10310
In base 4, what is 113 + 20002?
20121
In base 12, what is 4 + -3b?
-37
In base 12, what is 0 - -7b?
7b
In base 6, what is -13 - 5?
-22
In base 13, what is -26 + -11?
-37
In base 8, what is -312 - -2?
-310
In base 9, what is -1 - -456?
455
In base 15, what is 12e + 5?
134
In base 5, what is 2340 - 3?
2332
In base 14, what is -22 - -6?
-1a
In base 11, what is -109 + -2?
-110
In base 10, what is 684 - -5?
689
In base 8, what is 11 + 23?
34
In base 14, what is 8 + 18?
22
In base 13, what is -5 - 174?
-179
In base 7, what is -32 + -23?
-55
In base 13, what is 39 - 1a?
1c
In base 13, what is 4 + -2067?
-2063
In base 16, what is 2 - 683?
-681
In base 4, what is 2 - -1?
3
In base 9, what is 4 + 50?
54
In base 4, what is 11 - 1320?
-1303
In base 6, what is 5111 + -1?
5110
In base 14, what is -13 + -66?
-79
In base 4, what is -2 + -301?
-303
In base 16, what is -86c + 0?
-86c
In base 11, what is 117 + -51?
76
In base 12, what is -3 - -5?
2
In base 7, what is -16052 + 4?
-16045
In base 2, what is -100 + -100100?
-101000
In base 14, what is 1a16 + 0?
1a16
In base 4, what is 111 - 3?
102
In base 8, what is 3362 + 4?
3366
In base 10, what is -7 + 58?
51
In base 6, what is -1 - 15?
-20
In base 10, what is 262 - -3?
265
In base 15, what is -1e + d?
-11
In base 7, what is 4 - -3206?
3213
In base 13, what is -156 - 0?
-156
In base 5, what is 2 + -11204?
-11202
In base 14, what is 309 - 4?
305
In base 13, what is -67 + -1?
-68
In base 11, what is -a + -107?
-116
In base 12, what is -1 + -25?
-26
In base 9, what is 2 - 305?
-303
In base 8, what is -11 - -23?
12
In base 8, what is 3 - 647?
-644
In base 16, what is 0 + e?
e
In base 13, what is 4b85 - 3?
4b82
In base 2, what is 10010010000011 + -101?
10010001111110
In base 7, what is 256 + 4?
263
In base 14, what is -248 + -2c?
-276
In base 13, what is -7 + -4b3?
-4ba
In base 8, what is -33 + -2?
-35
In base 3, what is -1 - 10102?
-10110
In base 9, what is -2 - -46?
44
In base 3, what is 20 - 200022?
-200002
In base 2, what is 101 - 10100000111?
-10100000010
In base 14, what is 34 - -2?
36
In base 15, what is 4 - 81?
-7c
In base 8, what is -4366 - 3?
-4371
In base 11, what is -2 + -74?
-76
In base 8, what is -3267 + 4?
-3263
In base 13, what is 3 + -6?
-3
In base 10, what is 5 + 694?
699
In base 7, what is 41 - 14?
24
In base 12, what is -1 + 41a?
419
In base 5, what is 2 - 3423?
-3421
In base 9, what is 58 - 3?
55
In base 3, what is -11 + -22112?
-22200
In base 6, what is -3 - 1231?
-1234
In base 8, what is -1 - 134?
-135
In base 16, what is 5 - -13f?
144
In base 8, what is 774 + -1?
773
In base 13, what is -12aa + -3?
-12b0
In base 4, what is 1001 + 3?
1010
In base 5, what is 10 + 1024?
1034
In base 2, what is 1000 - 10111011?
-10110011
In base 16, what is 7 + -1cd?
-1c6
In base 7, what is -103154 + -1?
-103155
In base 12, what is -24b - 4?
-253
In base 2, what is -100 + -10?
-110
In base 4, what is 12010 + -2?
12002
In base 13, what is c3 - 1?
c2
In base 8, what is 172 - 0?
172
In base 16, what is -1 + 6e1?
6e0
In base 7, what is 234 + 33?
300
In base 15, what is -2 - -684?
682
In base 16, what is -3 - 5?
-8
In base 11, what is -2397 + 4?
-2393
In base 15, what is -611 - 1?
-612
In base 14, what is 16385 - -1?
16386
In base 3, what is 100110 - 20?
100020
In base 15, what is -742 - 5?
-747
In base 11, what is -1 + 23?
22
In base 8, what is -13302 + 4?
-13276
In base 4, what is 303 - -3100?
10003
In base 11, what is 5 + 141?
146
In base 6, what is -14 + 22?
4
In base 3, what is 21 + 11002110?
11002201
In base 14, what is -89c - -3?
-899
In base 14, what is -17 - 106?
-11d
In base 8, what is -4 - 173?
-177
In base 5, what is -101 + 111?
10
In base 2, what is 10 + -10000?
-1110
In base 7, what is -2030 + -2?
-2032
In base 12, what is 18a - 2a?
160
In base 13, what is 789 - 3?
786
In base 12, what is -b - 36?
-45
In base 5, what is -30 + -24?
-104
In base 13, what is a - -515?
522
In base 10, what is -1 - -675?
674
In base 12, what is 5 + -196?
-191
In base 9, what is -3 + 100?
86
In base 4, what is -11 + 1100313?
1100302
In base 7, what is -266 + 1?
-265
In base 6, what is -145 - -2?
-143
In base 11, what is 110 + 8?
118
In base 15, what is -28 - -65?
3c
In base 16, what is -4 - -db?
d7
In base 8, what is -3 - 62?
-65
In base 7, what is -14 + -16?
-33
In base 5, what is 1440 - 3?
1432
In base 11, what is 2 - -147?
149
In base 9, what is 7 - -76?
84
In base 15, what is -9e - 3?
-a2
In base 15, what is -3 + -43?
-46
In base 16, what is -27 - -1e?
-9
In base 4, what is 20 - 13300?
-13220
In base 9, what is 7 - -78?
86
In base 13, what is 24 + 0?
24
In base 5, what is -3302 - 42?
-3344
In base 13, what is 2 + -220?
-21b
In base 15, what is 286 - b?
27a
In base 3, what is 220120 + -1?
220112
In base 3, what is -2 + -10?
